{"id":218,"date":"2016-09-21T13:06:13","date_gmt":"2016-09-21T13:06:13","guid":{"rendered":"http:\/\/werkstatt.fuelthemes.net\/werkstatt-fullscreen-segments\/?page_id=218"},"modified":"2024-09-30T12:05:44","modified_gmt":"2024-09-30T12:05:44","slug":"contact-us","status":"publish","type":"page","link":"https:\/\/karambolmedya.com\/index.php\/contact-us\/","title":{"rendered":"Contact Us"},"content":{"rendered":"[vc_row thb_divider_position=&#8221;bottom&#8221;][vc_column][vc_empty_space height=&#8221;140px&#8221;][\/vc_column][\/vc_row][vc_row thb_divider_position=&#8221;bottom&#8221;][vc_column][vc_gmaps link=&#8221;#E-8_JTNDaWZyYW1lJTIwc3JjJTNEJTIyaHR0cHMlM0ElMkYlMkZ3d3cuZ29vZ2xlLmNvbSUyRm1hcHMlMkZlbWJlZCUzRnBiJTNEJTIxMW0xOCUyMTFtMTIlMjExbTMlMjExZDE1MjUuMDQ5MDI1MDg5NTIxJTIxMmQyOS4wMDM4NzM4NTE0ODU1MTIlMjEzZDQxLjA2NjY1OTQ0NTI0NTc5JTIxMm0zJTIxMWYwJTIxMmYwJTIxM2YwJTIxM20yJTIxMWkxMDI0JTIxMmk3NjglMjE0ZjEzLjElMjEzbTMlMjExbTIlMjExczB4MTRjYWI1YTAyYjYzMDkyNSUyNTNBMHhhZWI1NjJkZjQ5NDU1N2I2JTIxMnNLYXJhbWJvbCUyNTIwTWVkeWElMjE1ZTAlMjEzbTIlMjExc3RyJTIxMnN0ciUyMTR2MTcxOTYwOTYwMjI0NyUyMTVtMiUyMTFzdHIlMjEyc3RyJTIyJTIwd2lkdGglM0QlMjI2MDAlMjIlMjBoZWlnaHQlM0QlMjI0NTAlMjIlMjBzdHlsZSUzRCUyMmJvcmRlciUzQTAlM0IlMjIlMjBhbGxvd2Z1bGxzY3JlZW4lM0QlMjIlMjIlMjBsb2FkaW5nJTNEJTIybGF6eSUyMiUyMHJlZmVycmVycG9saWN5JTNEJTIybm8tcmVmZXJyZXItd2hlbi1kb3duZ3JhZGUlMjIlM0UlM0MlMkZpZnJhbWUlM0U=&#8221; size=&#8221;&#8221; css_animation=&#8221;bounceInUp&#8221;][\/vc_column][\/vc_row][vc_row thb_divider_position=&#8221;bottom&#8221;][vc_column][vc_column_text animation=&#8221;animation fade-in&#8221;]\n<p style=\"text-align: center;\">Gayrettepe Mh. Y\u0131ld\u0131z Posta Cd. No:6 Ak\u0131n Sitesi 1. Blok D:10<\/p>\n<p style=\"text-align: center;\">info@karambolmedya.com<\/p>\n<p style=\"text-align: center;\">+90 506 622 66 37<\/p>\n[\/vc_column_text][\/vc_column][\/vc_row]\n","protected":false},"excerpt":{"rendered":"<p>[vc_row thb_divider_position=&#8221;bottom&#8221;][vc_column][vc_empty_space height=&#8221;140px&#8221;][\/vc_column][\/vc_row][vc_row thb_divider_position=&#8221;bottom&#8221;][vc_column][vc_gmaps link=&#8221;#E-8_JTNDaWZyYW1lJTIwc3JjJTNEJTIyaHR0cHMlM0ElMkYlMkZ3d3cuZ29vZ2xlLmNvbSUyRm1hcHMlMkZlbWJlZCUzRnBiJTNEJTIxMW0xOCUyMTFtMTIlMjExbTMlMjExZDE1MjUuMDQ5MDI1MDg5NTIxJTIxMmQyOS4wMDM4NzM4NTE0ODU1MTIlMjEzZDQxLjA2NjY1OTQ0NTI0NTc5JTIxMm0zJTIxMWYwJTIxMmYwJTIxM2YwJTIxM20yJTIxMWkxMDI0JTIxMmk3NjglMjE0ZjEzLjElMjEzbTMlMjExbTIlMjExczB4MTRjYWI1YTAyYjYzMDkyNSUyNTNBMHhhZWI1NjJkZjQ5NDU1N2I2JTIxMnNLYXJhbWJvbCUyNTIwTWVkeWElMjE1ZTAlMjEzbTIlMjExc3RyJTIxMnN0ciUyMTR2MTcxOTYwOTYwMjI0NyUyMTVtMiUyMTFzdHIlMjEyc3RyJTIyJTIwd2lkdGglM0QlMjI2MDAlMjIlMjBoZWlnaHQlM0QlMjI0NTAlMjIlMjBzdHlsZSUzRCUyMmJvcmRlciUzQTAlM0IlMjIlMjBhbGxvd2Z1bGxzY3JlZW4lM0QlMjIlMjIlMjBsb2FkaW5nJTNEJTIybGF6eSUyMiUyMHJlZmVycmVycG9saWN5JTNEJTIybm8tcmVmZXJyZXItd2hlbi1kb3duZ3JhZGUlMjIlM0UlM0MlMkZpZnJhbWUlM0U=&#8221; size=&#8221;&#8221; css_animation=&#8221;bounceInUp&#8221;][\/vc_column][\/vc_row][vc_row thb_divider_position=&#8221;bottom&#8221;][vc_column][vc_column_text animation=&#8221;animation fade-in&#8221;] Gayrettepe Mh. Y\u0131ld\u0131z Posta Cd. No:6 Ak\u0131n Sitesi 1. Blok D:10 info@karambolmedya.com +90 506 622 66 37 [\/vc_column_text][\/vc_column][\/vc_row]<\/p>\n","protected":false},"author":1,"featured_media":0,"parent":0,"menu_order":0,"comment_status":"closed","ping_status":"closed","template":"","meta":[],"_links":{"self":[{"href":"https:\/\/karambolmedya.com\/index.php\/wp-json\/wp\/v2\/pages\/218"}],"collection":[{"href":"https:\/\/karambolmedya.com\/index.php\/wp-json\/wp\/v2\/pages"}],"about":[{"href":"https:\/\/karambolmedya.com\/index.php\/wp-json\/wp\/v2\/types\/page"}],"author":[{"embeddable":true,"href":"https:\/\/karambolmedya.com\/index.php\/wp-json\/wp\/v2\/users\/1"}],"replies":[{"embeddable":true,"href":"https:\/\/karambolmedya.com\/index.php\/wp-json\/wp\/v2\/comments?post=218"}],"version-history":[{"count":23,"href":"https:\/\/karambolmedya.com\/index.php\/wp-json\/wp\/v2\/pages\/218\/revisions"}],"predecessor-version":[{"id":922,"href":"https:\/\/karambolmedya.com\/index.php\/wp-json\/wp\/v2\/pages\/218\/revisions\/922"}],"wp:attachment":[{"href":"https:\/\/karambolmedya.com\/index.php\/wp-json\/wp\/v2\/media?parent=218"}],"curies":[{"name":"wp","href":"https:\/\/api.w.org\/{rel}","templated":true}]}}